{"id":175,"date":"2021-10-11T09:57:28","date_gmt":"2021-10-11T07:57:28","guid":{"rendered":"http:\/\/nowa.istmus.pl\/?page_id=175"},"modified":"2024-07-03T17:12:55","modified_gmt":"2024-07-03T15:12:55","slug":"tus","status":"publish","type":"page","link":"http:\/\/istmus.pl\/?page_id=175","title":{"rendered":"TUS"},"content":{"rendered":"<p><font color=\"black\"><\/p>\n<h4><strong>Co to jest TUS?<\/strong><\/h4>\n<p>TUS \u2013 to Trening Umiej\u0119tno\u015bci Spo\u0142ecznych, prowadzony w ma\u0142ych grupach, podczas kt\u00f3rego trenerzy modeluj\u0105 zachowania dzieci w r\u00f3\u017cnych sytuacjach spo\u0142ecznych np. podczas zawierania znajomo\u015bci, w\u0142\u0105czania si\u0119 do zabawy itp. Umiej\u0119tno\u015bci spo\u0142eczne maj\u0105 ogromny wp\u0142yw na rozw\u00f3j i przysz\u0142o\u015b\u0107 dziecka. Dzieci, kt\u00f3re posiadaj\u0105 wysokie umiej\u0119tno\u015bci spo\u0142eczne rozwijaj\u0105 si\u0119 lepiej, s\u0105 bardzie lubiane w grupie, lepiej radz\u0105 sobie z emocjami, \u0142atwiej si\u0119 zaprzyja\u017aniaj\u0105, \u0142atwiej adaptuj\u0105 do nowych sytuacji, maj\u0105 wy\u017csze i bardziej adekwatne poczucie w\u0142asnej warto\u015bci. Je\u017celi dziecko zdob\u0119dzie te umiej\u0119tno\u015bci, w\u00f3wczas satysfakcja z nich p\u0142yn\u0105ca stanie si\u0119 motorem do podejmowania wielu rozwijaj\u0105cych aktywno\u015bci.<\/p>\n<h4>\nDla kogo TUS?<\/h4>\n<p>Dla dzieci, kt\u00f3re maj\u0105 trudno\u015bci w obszarze umiej\u0119tno\u015bci spo\u0142ecznych tj:<\/p>\n<ul>\n<li>dla dzieci z Zespo\u0142em Aspergera, wysokofunkcjonuj\u0105cym autyzmem,<\/li>\n<li>z ADHD (nadpobudliwe),<\/li>\n<li>nie\u015bmia\u0142ych, wycofanych i l\u0119kliwych,<\/li>\n<li>z zaburzeniami zachowania, przejawiaj\u0105cymi trudno\u015bci w przestrzeganiu zasad w relacjach spo\u0142ecznych, kt\u00f3re w niew\u0142a\u015bciwy spos\u00f3b nawi\u0105zuj\u0105 kontakty z r\u00f3wie\u015bnikami,\\<\/li>\n<li>dzieci komunikuj\u0105cych si\u0119 werbalnie (dzieci m\u00f3wi\u0105ce),<\/li>\n<\/ul>\n<p>TUS ma na celu nabywanie i \u0107wiczeniu umiej\u0119tno\u015bci takich jak:<\/p>\n<ul>\n<li>trening umiej\u0119tno\u015bci komunikacyjnych,<\/li>\n<li>trening modyfikowania zachowa\u0144 na bardziej aprobowane spo\u0142ecznie,<\/li>\n<li>przestrzeganie zasad,<\/li>\n<li>umiej\u0119tno\u015b\u0107 wsp\u00f3\u0142pracy w grupie,<\/li>\n<li>metody radzenia sobie z emocjami,<\/li>\n<li>praca nad przestrzeganiem zasad,<\/li>\n<li>uczenie si\u0119 rozpoznawania emocji i potrzeb,<\/li>\n<li>odreagowanie napi\u0119\u0107 emocjonalnych,<\/li>\n<li>kszta\u0142towanie umiej\u0119tno\u015bci rozwi\u0105zywania konflikt\u00f3w.<\/li>\n<\/ul>\n<p>Nauka odbywa si\u0119 poprzez zabaw\u0119 i do\u015bwiadczanie sytuacji spo\u0142ecznych. Wszystko odbywa si\u0119 w bezpiecznych warunkach warsztatowych.<\/p>\n<p>Warunkiem uczestnictwa treningu TUS jest wcze\u015bniejsza konsultacja dziecka ze specjalist\u0105. Zaj\u0119cia TUS odbywaj\u0105 si\u0119 w formie warsztatowej, a grupy zamkni\u0119te licz\u0105\u00a0 od 4 do 8 os\u00f3b. Po rozpocz\u0119ciu treningu nie do\u0142\u0105czaj\u0105 nowi uczestnicy. Zaj\u0119cia odbywaj\u0105 si\u0119 1 x w tygodniu, z kt\u00f3rych ka\u017cde spotkanie trwa 90 minut.<\/p>\n<ul>\n<li>zaj\u0119cie prowadzi dw\u00f3ch certyfikowanych terapeut\u00f3w,<\/li>\n<li>wyb\u00f3r \u0107wiczonych umiej\u0119tno\u015bci jest ustalany po wcze\u015bniejszej analizie potrzeb i mo\u017cliwo\u015bci uczestnik\u00f3w.<\/li>\n<\/ul>\n<p>Zaj\u0119cia odbywaj\u0105 si\u0119 w <a href=\"http:\/\/nowa.istmus.pl\/?page_id=100\">Centrum Diagnozy i Terapii Dziecka ISTMUS<\/a>.<\/p>\n","protected":false},"excerpt":{"rendered":"<p>Co to jest TUS? TUS \u2013 to Trening Umiej\u0119tno\u015bci Spo\u0142ecznych, prowadzony w ma\u0142ych grupach, podczas kt\u00f3rego trenerzy modeluj\u0105 zachowania dzieci w r\u00f3\u017cnych sytuacjach spo\u0142ecznych np. podczas zawierania znajomo\u015bci, w\u0142\u0105czania si\u0119 do zabawy itp. Umiej\u0119tno\u015bci spo\u0142eczne maj\u0105 ogromny wp\u0142yw na rozw\u00f3j i przysz\u0142o\u015b\u0107 dziecka. Dzieci, kt\u00f3re posiadaj\u0105 wysokie umiej\u0119tno\u015bci spo\u0142eczne rozwijaj\u0105 si\u0119 lepiej, s\u0105 bardzie lubiane&hellip; <br \/> <a class=\"read-more\" href=\"http:\/\/istmus.pl\/?page_id=175\">Czytaj dalej<\/a><\/p>\n","protected":false},"author":1,"featured_media":0,"parent":0,"menu_order":0,"comment_status":"closed","ping_status":"closed","template":"","meta":[],"_links":{"self":[{"href":"http:\/\/istmus.pl\/index.php?rest_route=\/wp\/v2\/pages\/175"}],"collection":[{"href":"http:\/\/istmus.pl\/index.php?rest_route=\/wp\/v2\/pages"}],"about":[{"href":"http:\/\/istmus.pl\/index.php?rest_route=\/wp\/v2\/types\/page"}],"author":[{"embeddable":true,"href":"http:\/\/istmus.pl\/index.php?rest_route=\/wp\/v2\/users\/1"}],"replies":[{"embeddable":true,"href":"http:\/\/istmus.pl\/index.php?rest_route=%2Fwp%2Fv2%2Fcomments&post=175"}],"version-history":[{"count":3,"href":"http:\/\/istmus.pl\/index.php?rest_route=\/wp\/v2\/pages\/175\/revisions"}],"predecessor-version":[{"id":407,"href":"http:\/\/istmus.pl\/index.php?rest_route=\/wp\/v2\/pages\/175\/revisions\/407"}],"wp:attachment":[{"href":"http:\/\/istmus.pl\/index.php?rest_route=%2Fwp%2Fv2%2Fmedia&parent=175"}],"curies":[{"name":"wp","href":"https:\/\/api.w.org\/{rel}","templated":true}]}}